{"id":55,"date":"2015-12-23T14:00:01","date_gmt":"2015-12-23T14:00:01","guid":{"rendered":"http:\/\/hahn-transporte.eu\/?page_id=55"},"modified":"2020-11-01T12:18:46","modified_gmt":"2020-11-01T11:18:46","slug":"impressum","status":"publish","type":"page","link":"https:\/\/hahn-transporte.eu\/?page_id=55","title":{"rendered":"Impressum"},"content":{"rendered":"<h2>Angaben gem\u00e4\u00df \u00a7 5 TMG:<\/h2>\n<p>Joachim Hahn Transporte, Einzelunternehmung<br \/>\nJoachim Hahn<\/p>\n<h3>Postanschrift:<\/h3>\n<p>Birkenweg 9<br \/>\n74257 Untereisesheim<\/p>\n<h3>Kontakt:<\/h3>\n<p>Telefon: 07132 990202<br \/>\nTelefax: 07132 990203<br \/>\nE-Mail: info@hahn-transporte.eu<\/p>\n<h3>Vertreten durch:<\/h3>\n<p>Joachim Hahn<\/p>\n<h3>Umsatzsteuer-Identifikationsnummer<\/h3>\n<p>Umsatzsteuer-Identifikationsnummer UST- ID: DE 145717955<\/p>\n<h2>Hinweise zur Website<\/h2>\n<h3>Urheberrechtliche Hinweise<\/h3>\n<p>Ute Hahn<\/p>\n<h3>Verantwortlich f\u00fcr journalistisch-redaktionelle Inhalte ist:<\/h3>\n<p>Joachim Hahn<\/p>\n<h2>Information gem\u00e4\u00df \u00a7 36 VSBG<\/h2>\n<p>Gem\u00e4\u00df \u00a7 36 VSBG (Verbraucherstreitbeilegungsgesetz \u2013 Gesetz \u00fcber die alternative Streitbeilegung in Verbrauchersachen) erkl\u00e4rt der Betreiber dieser Website:<\/p>\n<p>Wir sind weder bereit noch verpflichtet, an Streitbeilegungsverfahren vor einer Verbraucherschlichtungsstelle teilzunehmen.<\/p>\n<h2>Hinweis<\/h2>\n<p>Die Plattform der EU zur au\u00dfergerichtlichen Streitbeilegung finden Sie online unter:\u00a0<a href=\"https:\/\/ec.europa.eu\/consumers\/odr\/\">https:\/\/ec.europa.eu\/consumers\/odr\/<\/a><\/p>\n<p><em>Das Impressum wurde mit dem\u00a0<a href=\"https:\/\/www.activemind.de\/datenschutz\/impressums-generator\/\">Impressums-Generator der activeMind AG<\/a>\u00a0erstellt.<\/em><\/p>\n","protected":false},"excerpt":{"rendered":"<p>Angaben gem\u00e4\u00df \u00a7 5 TMG: Joachim Hahn Transporte, Einzelunternehmung Joachim Hahn Postanschrift: Birkenweg 9 74257 Untereisesheim Kontakt: Telefon: 07132 990202 Telefax: 07132 990203 E-Mail: info@hahn-transporte.eu Vertreten durch: Joachim Hahn Umsatzsteuer-Identifikationsnummer Umsatzsteuer-Identifikationsnummer UST- ID: DE 145717955 Hinweise zur Website Urheberrechtliche Hinweise Ute Hahn Verantwortlich f\u00fcr journalistisch-redaktionelle Inhalte ist: Joachim Hahn Information gem\u00e4\u00df \u00a7 36 VSBG Gem\u00e4\u00df&hellip;&nbsp;<a href=\"https:\/\/hahn-transporte.eu\/?page_id=55\" rel=\"bookmark\">Weiterlesen &raquo;<span class=\"screen-reader-text\">Impressum<\/span><\/a><\/p>\n","protected":false},"author":1,"featured_media":0,"parent":0,"menu_order":0,"comment_status":"closed","ping_status":"closed","template":"","meta":{"neve_meta_sidebar":"","neve_meta_container":"","neve_meta_enable_content_width":"","neve_meta_content_width":0,"neve_meta_title_alignment":"","neve_meta_author_avatar":"","neve_post_elements_order":"","neve_meta_disable_header":"","neve_meta_disable_footer":"","neve_meta_disable_title":"","footnotes":""},"class_list":["post-55","page","type-page","status-publish","hentry"],"_links":{"self":[{"href":"https:\/\/hahn-transporte.eu\/index.php?rest_route=\/wp\/v2\/pages\/55","targetHints":{"allow":["GET"]}}],"collection":[{"href":"https:\/\/hahn-transporte.eu\/index.php?rest_route=\/wp\/v2\/pages"}],"about":[{"href":"https:\/\/hahn-transporte.eu\/index.php?rest_route=\/wp\/v2\/types\/page"}],"author":[{"embeddable":true,"href":"https:\/\/hahn-transporte.eu\/index.php?rest_route=\/wp\/v2\/users\/1"}],"replies":[{"embeddable":true,"href":"https:\/\/hahn-transporte.eu\/index.php?rest_route=%2Fwp%2Fv2%2Fcomments&post=55"}],"version-history":[{"count":4,"href":"https:\/\/hahn-transporte.eu\/index.php?rest_route=\/wp\/v2\/pages\/55\/revisions"}],"predecessor-version":[{"id":279,"href":"https:\/\/hahn-transporte.eu\/index.php?rest_route=\/wp\/v2\/pages\/55\/revisions\/279"}],"wp:attachment":[{"href":"https:\/\/hahn-transporte.eu\/index.php?rest_route=%2Fwp%2Fv2%2Fmedia&parent=55"}],"curies":[{"name":"wp","href":"https:\/\/api.w.org\/{rel}","templated":true}]}}